se
Is 30780216641 composite?
False
Is 2891141599 a prime number?
False
Is 1133947181 composite?
False
Is 61873860743 a composite number?
False
Is 2280084419 a prime number?
False
Is 61707071291 prime?
False
Is 16103880799 prime?
True
Is 662973823 a prime number?
True
Is 357567737 a prime number?
False
Is 10528084097 prime?
True
Is 328504807 a composite number?
False
Is 1167978647 a prime number?
False
Is 718390787 a prime number?
True
Is 9042241297 a composite number?
False
Is 62677463 a composite number?
True
Is 642425009 a prime number?
True
Is 7954246447 composite?
True
Is 2565808951 a prime number?
False
Is 1324181191 a composite number?
True
Is 677815987 a composite number?
True
Is 861921077 prime?
True
Is 2296370371 a prime number?
True
Is 572313479 prime?
True
Is 14118474569 a composite number?
True
Is 185259576353 prime?
True
Is 57204275189 a composite number?
False
Is 3976036723 composite?
True
Is 3950047567 composite?
False
Is 8191062953 composite?
True
Is 331894670846 a prime number?
False
Is 6535895077 a composite number?
False
Is 67518829193 a prime number?
True
Is 20046009917 a composite number?
True
Is 1202347129 a composite number?
False
Is 33050675509 prime?
False
Is 66612773 a prime number?
True
Is 390935771 a composite number?
False
Is 11825123099 a prime number?
True
Is 1341668807 composite?
False
Is 1322144233 prime?
False
Is 761456467 composite?
False
Is 583254383 prime?
False
Is 120193775957 a composite number?
False
Is 15419492453 a composite number?
False
Is 376421167 a prime number?
False
Is 66836037371 a composite number?
False
Is 3388602793 a composite number?
False
Is 956563301 a composite number?
False
Is 34181494981 composite?
False
Is 127261978859 composite?
False
Is 9863352053 composite?
False
Is 1618847089 a composite number?
True
Is 16487570695 prime?
False
Is 4185273229 a composite number?
True
Is 187933237507 a prime number?
False
Is 15678598753 a prime number?
True
Is 36578318443 a composite number?
False
Is 6540007891 a composite number?
False
Is 2666681317 prime?
True
Is 22917181867 a composite number?
False
Is 1470620337 prime?
False
Is 49893808381 a prime number?
True
Is 77218386233 a prime number?
False
Is 1095302101 composite?
True
Is 140225749 prime?
True
Is 7751985817 composite?
False
Is 20074723945 a composite number?
True
Is 948699893 a prime number?
True
Is 114296122645 a composite number?
True
Is 42587884457 prime?
False
Is 2774927047 composite?
True
Is 20593223939 composite?
True
Is 5535789869 prime?
False
Is 3625924481 prime?
True
Is 2698141961 prime?
False
Is 3857465203 a prime number?
False
Is 51578166043 prime?
False
Is 314867239 composite?
True
Is 532974271 composite?
False
Is 207173299 a prime number?
True
Is 8949490469 a composite number?
False
Is 1476544441 a prime number?
True
Is 223574419 prime?
False
Is 3233546818 a composite number?
True
Is 169927097 prime?
True
Is 192417721 a prime number?
True
Is 21712443811 a prime number?
False
Is 4387515563 prime?
False
Is 796764283 composite?
True
Is 83827912463 composite?
True
Is 1552543109 a prime number?
False
Is 16712708941 prime?
True
Is 826086683 a prime number?
True
Is 13211871263 a prime number?
True
Is 1289430533 a prime number?
True
Is 87092569739 a composite number?
True
Is 275194584241 a composite number?
True
Is 56220070835 prime?
False
Is 2616251915 composite?
True
Is 529838501 a prime number?
False
Is 4769804867 a prime number?
True
Is 22973536567 a prime number?
True
Is 732472133 a prime number?
True
Is 7831694242 a prime number?
False
Is 166272347 composite?
False
Is 42850214965 a composite number?
True
Is 40597443715 composite?
True
Is 80154383 a prime number?
False
Is 4625604869 a prime number?
False
Is 2195088169 a prime number?
True
Is 160964000887 a composite number?
False
Is 12587890457 a composite number?
True
Is 45832337099 prime?
True
Is 532696129 a composite number?
True
Is 38840875657 composite?
True
Is 2611382497 prime?
False
Is 969859049 a prime number?
True
Is 73813080097 a prime number?
True
Is 4032150041 a prime number?
False
Is 3400125803 a prime number?
False
Is 5325147101 a prime number?
True
Is 21996178777 a prime number?
False
Is 11137718591 composite?
False
Is 24048323927 a prime number?
True
Is 2720129537 composite?
True
Is 147932761 prime?
True
Is 346746559 a prime number?
True
Is 2411798938 prime?
False
Is 32797812331 prime?
False
Is 6982864067 composite?
False
Is 12522367723 prime?
False
Is 917235251 a prime number?
True
Is 1296469481 composite?
True
Is 11567828353 composite?
True
Is 6537572617 a composite number?
False
Is 2714568401 prime?
False
Is 1491623691 a composite number?
True
Is 10213654481 prime?
True
Is 9860321287 a composite number?
True
Is 452058874 prime?
False
Is 466946177 prime?
False
Is 11122996457 composite?
True
Is 24788849227 prime?
True
Is 98262943423 a composite number?
True
Is 871456247 a prime number?
True
Is 33431233921 a prime number?
True
Is 3931503553 prime?
False
Is 4278445319 composite?
False
Is 126807599 a composite number?
True
Is 306772483 composite?
False
Is 10902108473 a composite number?
False
Is 13072728211 a composite number?
True
Is 209401571 a composite number?
False
Is 15308934013 prime?
True
Is 39108058438 a prime number?
False
Is 7140643787 a prime number?
False
Is 16189156007 composite?
True
Is 19333112641 a composite number?
False
Is 224454943 composite?
True
Is 299144849 a prime number?
True
Is 351481861 prime?
False
Is 1068642969 prime?
False
Is 2697117217 a composite number?
False
Is 110985193471 a composite number?
True
Is 52437336811 prime?
False
Is 9423539987 a composite number?
False
Is 2624051123 prime?
False
Is 109423085071 a prime number?
False
Is 951636449 composite?
True
Is 9770644897 prime?
False
Is 76273935373 a prime number?
False
Is 2796551 a composite number?
True
Is 464843807 prime?
True
Is 403807211 a prime number?
True
Is 239426191 prime?
True
Is 5788675859 prime?
False
Is 432401813 a composite number?
False
Is 311519311 a prime number?
False
Is 487111561 composite?
False
Is 11180078255 composite?
True
Is 26221255559 a composite number?
False
Is 755559949 composite?
True
Is 3785942707 a prime number?
True
Is 8553783787 prime?
True
Is 66097813 a prime number?
True
Is 539081507 a composite number?
True
Is 86727276787 prime?
True
Is 9148060277 a composite number?
False
Is 2281532423 a prime number?
True
Is 2213497393 a composite number?
True
Is 82745884646 a prime number?
False
Is 2753466607 a composite number?
False
Is 4428625121 a composite number?
True
Is 341049031 prime?
False
Is 23005992221 prime?
True
Is 8565220711 composite?
False
Is 596306591 a prime number?
True
Is 80579267 prime?
True
Is 39136074281 prime?
False
Is 94202271001 prime?
False
Is 11855052509 composite?
False
Is 544011799 a composite number?
False
Is 930465257 prime?
True
Is 680675999 a composite number?
False
Is 44850167381 a composite number?
False
Is 77416519 a prime number?
True
Is 3300277943 composite?
False
Is 12806618691 prime?
False
Is 745286331 a composite number?
True
Is 6684491641 a prime number?
False
Is 53200157 a composite number?
True
Is 2927225641 prime?
True
Is 13865648833 a prime number?
True
Is 527824703 prime?
False
Is 1010449151 prime?
True
Is 182864159 composite?
False
Is 39141412411 composite?
False
Is 115468963 a prime number?
True
Is 5228125901 prime?
True
Is 201815071 composite?
False
Is 1651340819 a prime number?
True
Is 2307260323 composite?
True
Is 8322426991 a composite number?
True
Is 15112990247 a composite number?
False
Is 244379077 prime?
True
Is 956618363 prime?
False
Is 657169553 composite?
True
Is 30347504017 a composite number?
True
Is 2145961201 prime?
False
Is 138834833959 a composite number?
True
Is 43888458203 a prime number?
True
Is 32106704563 a composite number?
False
Is 1432808939 a composite number?
False
Is 10509717469 a composite number?
False
Is 5111970663 a composite number?
True
Is 271449043 composite?
True
Is 4018969127 a composite number?
False
Is 4110542347 a composite number?
False
Is 4187107583 composite?
True
Is 7837306517 prime?
False
Is 130512783253 composite?
False
Is 2158462651 a prime number?
True
Is 121834089309 a prime number?
False
Is 12503111927 a prime number?
True
Is 34041650017 a prime number?
